 highest common factor of 8584 and 56376?
232
Calculate the highest common divisor of 105 and 74151.
21
What is the greatest common factor of 1396 and 207655?
349
Calculate the greatest common divisor of 356314 and 1550.
62
What is the highest common factor of 1191 and 5731489?
397
Calculate the highest common factor of 166461 and 15.
3
What is the highest common divisor of 2674105 and 105?
35
Calculate the greatest common factor of 189228 and 2418.
78
What is the greatest common factor of 136 and 21182?
34
What is the highest common factor of 111 and 52984?
37
What is the highest common factor of 8 and 295838?
2
What is the greatest common divisor of 1292 and 4028?
76
What is the greatest common factor of 104820 and 40?
20
What is the highest common factor of 6433700 and 392?
196
What is the greatest common factor of 64 and 99136?
64
What is the highest common divisor of 557 and 896213?
557
What is the highest common divisor of 30 and 25480?
10
What is the highest common divisor of 5850 and 36855?
585
What is the greatest common factor of 2 and 6462?
2
What is the greatest common divisor of 48612 and 288?
12
Calculate the greatest common factor of 248069 and 3231.
359
What is the greatest common divisor of 52 and 178776?
52
What is the highest common divisor of 233295 and 6493?
151
Calculate the highest common factor of 49319 and 5513.
149
Calculate the greatest common factor of 535100 and 800.
100
Calculate the highest common divisor of 1309 and 29869.
119
Calculate the greatest common factor of 374850 and 11050.
850
Calculate the greatest common factor of 112239 and 108.
27
Calculate the highest common factor of 16 and 21788.
4
Calculate the highest common factor of 44363 and 106711.
1199
What is the highest common divisor of 6894563 and 89?
89
Calculate the highest common divisor of 27020 and 196.
28
Calculate the highest common divisor of 8788 and 86528.
676
What is the highest common factor of 9 and 18801?
9
Calculate the highest common factor of 10 and 1648645.
5
What is the greatest common divisor of 16 and 12292?
4
What is the greatest common divisor of 8277 and 2492?
89
What is the highest common divisor of 248677 and 286?
143
Calculate the greatest common divisor of 5474 and 1201543.
2737
What is the greatest common factor of 1874 and 2502727?
937
What is the highest common factor of 462 and 5302?
22
Calculate the highest common factor of 16560 and 2304.
144
What is the greatest common divisor of 12 and 771828?
12
Calculate the greatest common divisor of 836 and 295108.
836
What is the highest common divisor of 15060 and 960?
60
What is the greatest common divisor of 24 and 10068?
12
What is the highest common divisor of 349502 and 592?
74
Calculate the highest common factor of 465272 and 16.
8
Calculate the greatest common factor of 1673 and 551134.
239
Calculate the greatest common factor of 832 and 26338.
26
What is the highest common factor of 9 and 4620771?
9
What is the highest common divisor of 6846 and 5379?
489
Calculate the greatest common divisor of 1225 and 12642.
49
What is the greatest common factor of 30979 and 416?
13
Calculate the greatest common divisor of 11 and 4531307.
11
What is the highest common factor of 233 and 482077?
233
Calculate the highest common divisor of 7575 and 9696.
303
What is the highest common factor of 40 and 448408?
8
Calculate the greatest common divisor of 130020 and 495.
165
What is the highest common factor of 2982 and 64326?
426
Calculate the highest common factor of 96 and 460176.
48
What is the highest common factor of 1650 and 134640?
330
Calculate the greatest common divisor of 215 and 14362.
43
What is the highest common divisor of 540 and 52020?
180
What is the greatest common factor of 1696534 and 28?
14
What is the greatest common factor of 4270 and 378?
14
What is the highest common divisor of 121772 and 1792?
28
Calculate the highest common divisor of 100 and 105590.
10
What is the greatest common factor of 92755 and 1105?
65
What is the greatest common divisor of 33235 and 219742?
391
Calculate the greatest common factor of 260520 and 78.
78
Calculate the greatest common factor of 22389 and 187.
17
Calculate the greatest common divisor of 48 and 8054448.
48
What is the highest common factor of 4063 and 11711?
239
What is the greatest common divisor of 10586 and 208638?
134
Calculate the highest common divisor of 1010 and 9070.
10
Calculate the highest common factor of 7 and 510741.
7
Calculate the highest common factor of 36865 and 292.
73
Calculate the greatest common factor of 9636 and 69204.
876
Calculate the greatest common divisor of 483852 and 24.
12
What is the greatest common factor of 4186 and 884?
26
What is the highest common factor of 196 and 21886732?
196
What is the greatest common factor of 234 and 1291797?
117
Calculate the greatest common divisor of 295821 and 18.
9
Calculate the greatest common factor of 168 and 51128.
56
Calculate the greatest common divisor of 1568 and 12887.
49
What is the greatest common divisor of 20982 and 3120?
78
What is the highest common factor of 1664 and 91312?
208
Calculate the highest common divisor of 5038 and 209.
11
Calculate the highest common factor of 50 and 158836.
2
Calculate the greatest common divisor of 24300 and 300.
300
What is the greatest common divisor of 144 and 227088?
144
What is the highest common divisor of 44 and 46236?
4
What is the highest common factor of 20869 and 14842?
41
Calculate the greatest common divisor of 169378 and 22.
22
Calculate the greatest common factor of 10 and 2830.
10
Calculate the greatest common divisor of 192 and 1749840.
48
What is the highest common factor of 1440 and 603792?
144
Calculate the highest common factor of 9512 and 464.
232
What is the greatest common factor of 75 and 2361?
3
What is the greatest common divisor of 2936885 and 140?
35
Calculate the greatest common factor of 2074 and 289.
17
Calculate the greatest common divisor of 2714 and 138.
46
Calculate the greatest common divisor of 2 and 5857.
1
Calculate the highest common divisor of 99 and 70488.
99
What is the highest common divisor of 1086 and 1712622?
1086
Calculate the greatest common divisor of 270 and 12906.
54
What is the highest common factor of 3500 and 336500?
500
What is the highest common factor of 872 and 1636?
4
What is the greatest common divisor of 183107 and 119?
17
What is the greatest common divisor of 2089464 and 3552?
888
What is the greatest common divisor of 552685 and 35?
35
What is the greatest common factor of 23660 and 1424670?
1690
Calculate the greatest common factor of 8338 and 75800.
758
Calculate the highest common divisor of 67 and 496939.
67
Calculate the greatest common factor of 230 and 24550.
10
What is the greatest common factor of 1507 and 9999?
11
Calculate the greatest common factor of 353670 and 60.
30
Calculate the greatest common factor of 169115 and 12485.
1135
Calculate the greatest common divisor of 608563 and 41.
41
Calculate the highest common divisor of 22 and 558602.
22
What is the highest common divisor of 816 and 6024?
24
Calculate the highest common factor of 61201 and 49.
49
What is the greatest common divisor of 217 and 1861612?
31
Calculate the highest common factor of 3451 and 595.
119
Calculate the greatest common factor of 2 and 791.
1
Calculate the highest common divisor of 4406701 and 305.
61
What is the greatest common factor of 25246 and 312?
26
What is the greatest common factor of 6307 and 63?
7
Calculate the greatest common factor of 12 and 1528.
4
Calculate the greatest common divisor of 142766 and 867.
289
Calculate the highest common divisor of 3129 and 383526.
447
Calculate the highest common factor of 7 and 105749.
7
What is the highest common factor of 845 and 260?
65
Calculate the highest common divisor of 7750 and 1240.
310
What is the highest common divisor of 68313 and 483?
21
What is the greatest common divisor of 392 and 952?
56
Calculate the greatest common divisor of 22178 and 6526.
26
Calculate the greatest common factor of 11 and 17897.
11
Calculate the highest common divisor of 56313 and 45.
9
Calculate the highest common divisor of 5372 and 44556.
316
What is the greatest common factor of 1703309 and 73?
73
Calculate the 